2/(f/(-380)) - -4.
3, 11
What are the prime factors of (-30)/2*(-16146)/390?
3, 23
Suppose -2*o + 1558 = -5*w, -5*o + 1562 = -5*w - 2*o. Let g = w + 522. List the prime factors of g.
2, 53
Let g = 445 - 296. Suppose -4*n = 3*d - g - 300, 0 = 2*d + 3*n - 298. List the prime factors of d.
5, 31
Let j(b) = -b**3 - 3*b**2 + 3*b + 3. Let x be j(-3). Let t(p) = p**3 + 6*p**2 - 8*p - 6. What are the prime factors of t(x)?
2, 3, 7
Suppose 6*t - 4*t - 6 = 0. Suppose u - t*u - 3*k + 267 = 0, -4*k = -3*u + 409. List the prime factors of u.
3, 5
Let p(n) = 3*n - 20. Let o be p(8). Let r = o - 4. Suppose 2*t = -b + 124, 3*b - 7*b + 16 = r. List the prime factors of t.
2, 3, 5
Suppose 17 - 100 = -p + 3*r, 164 = 2*p - 5*r. Suppose 15 = -5*s, -2*o - 5*s + 2 = -p. List the prime factors of o.
47
Suppose -2*l - 48 = -0*l + 5*d, -l - 24 = d. Let s be (l/32)/(1/(-4)). Suppose 15 = 2*v - r, s*v + 7*r - 17 = 3*r. What are the prime factors of v?
7
Let m(a) be the third derivative of -43*a**4/6 + 7*a**2. List the prime factors of m(-1).
2, 43
Let v be ((-6)/15)/(2/350). What are the prime factors of (v/(-7))/(17/15 + -1)?
3, 5
Let k(q) = 52*q + 4. Let x be k(-4). Let c = x + 341. List the prime factors of c.
137
Let b = -291 - -1987. List the prime factors of b.
2, 53
Let g(a) = -a**3 + 28*a**2 + 9*a + 47. List the prime factors of g(23).
13, 223
Suppose -34*j + 1168 = -30*j. List the prime factors of j.
2, 73
Let h be (-1*(-3)/3)/(1/6). Suppose -75 - 27 = -h*i. What are the prime factors of i?
17
Let k be (-8)/4 + -4*1*-4. Let p = k + 17. List the prime factors of p.
31
Suppose 0 = -4*j + 8, 4*j + 10 = 3*h + 3*j. Let g be (-10)/(-4)*20/25. Suppose -g*l = h*l - 162. List the prime factors of l.
3
Suppose -85058 = -72*t + 36910. What are the prime factors of t?
2, 7, 11
Let i = 7 + -23. Let h = i + 19. Suppose 3*v - h*k - 63 = 0, -2*v + 0*k - 4*k = -66. List the prime factors of v.
5
Suppose 16 = -2*l - 0*l. Let c(h) = -2*h - 11. Let b be c(l). Suppose -4*n - 3*f + 56 = 0, -f + 19 = n + b. List the prime factors of n.
2, 7
Suppose -4*b + l - 27 - 17 = 0, -5*b - 68 = 2*l. What are the prime factors of 6*(-4)/b + 288 + 2?
2, 73
Suppose 3*l - l - 240 = 0. Suppose 5*t + 2*u - 283 - l = 0, 4*t = 2*u + 308. List the prime factors of t.
79
Suppose -7*o + 2103 + 823 = 0. What are the prime factors of o?
2, 11, 19
Let i = 207 + 278. What are the prime factors of i?
5, 97
Let d(h) = -h + 20. Let w be d(-13). Suppose 0 = -2*o + o - w. Let u = -28 - o. What are the prime factors of u?
5
Let p(c) = 5*c - 3. Let q(v) = -9*v + 7. Let m(i) = 5*p(i) + 2*q(i). What are the prime factors of m(15)?
2, 13
Let k(i) = i**2 - 2*i - 5. Suppose -4*y + 71 = 15. Suppose y = -4*q - 2. List the prime factors of k(q).
19
Suppose i + b - 368 = 728, -3278 = -3*i - b. List the prime factors of i.
1091
Let u be 6/(-42) - 1/((-14)/(-992)). Let v = 332 + u. List the prime factors of v.
3, 29
Suppose -33*r + 30*r + 14118 = 0. What are the prime factors of r?
2, 13, 181
Suppose 0 = -3*m - 2*m. Suppose 0 = 3*t - m*t + 2*q + 157, 4*q + 216 = -4*t. Let i = -6 - t. What are the prime factors of i?
43
Let h(u) = 6*u. Let z be h(-7). Suppose 4 = 3*g - 173. Let l = z + g. What are the prime factors of l?
17
Let s be 1004/18 + 20/90. List the prime factors of 2/(-7) - (-3208)/s.
3, 19
Let z be 630/39 + (-4)/26. Let b = -10 + z. Let j = b + -3. List the prime factors of j.
3
Let z = -1836 - -3336. What are the prime factors of z?
2, 3, 5
Suppose 0 = -4*s - 4*v + 160, s + 4*v + 15 = 58. Let o = 167 + s. What are the prime factors of o?
2, 103
Suppose -2*q - 5*v = -37 - 0, v = -1. What are the prime factors of q?
3, 7
Let h(c) = 3*c - 4. Let t(y) be the second derivative of -3*y**5/10 - y**2/2 + 5*y. Let u be t(-1). List the prime factors of h(u).
11
Let j = 44 - 84. Let w = j + 113. What are the prime factors of w?
73
Let q be 3/((-1)/15*-9). Suppose -44 - 6 = q*f. Let o = 19 - f. What are the prime factors of o?
29
Suppose 0 = 4*l - 4*o - 1033 - 4331, 3*o - 4041 = -3*l. List the prime factors of l.
2, 3, 7
Suppose 4*q - 4*n + 16 = 0, -n - 3 = -5*q - 35. Suppose -2*i + 3*i + 6 = 5*p, 0 = p - 4. Let o = q + i. List the prime factors of o.
7
Let a be 1/2*483 - (-2)/4. Let y = a + -121. List the prime factors of y.
11
Let j(p) = -p**2 + 19*p - 28. Let z be j(17). Suppose 0*q + 414 = z*q. What are the prime factors of q?
3, 23
Let n(m) = -2*m**3 - 3*m**2 - 2*m - 2. Let o be n(-2). Suppose 96 = 9*f - o*f. What are the prime factors of f?
2
Let c(r) = r**3 - 8*r**2 - 5*r - 8. Let j(n) = -n**2 + 9. Let x be j(0). Let d be c(x). Let h = d + 11. List the prime factors of h.
3, 13
Let x(s) = 1. Let n be -1*3*(2 + -3). Let m(z) = z + 1. Let c(h) = n*x(h) - 3*m(h). What are the prime factors of c(-1)?
3
Let i(j) = j**3 + 12*j**2 + 3*j + 10. Let x(t) = -t**3 + 13*t**2 + 13*t + 9. Let o be x(14). List the prime factors of i(o).
2, 5, 17
Let h be 1*(5 + 0)/1. Suppose 18 = 2*t - 0*t + f, 45 = h*t + 2*f. Suppose 4*l = 3 + t. List the prime factors of l.
3
Let x(v) = -3*v**3 + 33*v**2 + 12*v + 17. What are the prime factors of x(9)?
13, 47
Suppose 0 = -4*v - 2*y + 28, -2*v = -5*v - 3*y + 15. Suppose 24 = i - v. List the prime factors of i.
3, 11
Let h(y) = -182*y**3 - y**2 + y. Let o(d) = -d**3 - 1. Let j(b) = h(b) - 2*o(b). What are the prime factors of j(-1)?
2, 3, 5
Let g = -73 - -169. Suppose 3*h + h + 2*z = g, 5*z - 115 = -5*h. Suppose 5*t + h - 120 = 0. List the prime factors of t.
19
Suppose 87*a - 398226 = -6*a. List the prime factors of a.
2, 2141
Let s = 168 - 163. Suppose s*i = 5*t - 4*t + 1119, 0 = 4*i + t - 888. What are the prime factors of i?
223
Suppose u = 2186 + 19. What are the prime factors of u?
3, 5, 7
Let l = -33 - -37. Suppose i - 16 = 2*h - 0*h, l*i = -h + 100. Suppose -5*q + 9 = i, 5*q - 265 = -5*g. List the prime factors of g.
2, 7
Let f = 1321 + -638. List the prime factors of f.
683
Let l = -9 + 22. Let x(s) = s**3 - 4*s**2 + 4*s + 2. Let y be x(3). Suppose -3*f + 5*t = -46, -f - t + y*t = -l. What are the prime factors of f?
17
Let c be 0 + -1 + 1 + 0. What are the prime factors of c - -3 - 1 - (2 - 270)?
2, 3, 5
Let y be 1816/6 - (0 - 6/(-9)). Suppose 3*w + 4*x = 4*w - y, -4*w - 3*x = -1265. What are the prime factors of w?
2, 157
Let w be 42 - ((-10)/15)/(1/3). Let m = w - 33. List the prime factors of m.
11
Suppose -58 - 87 = 5*n. Let h = n - -49. What are the prime factors of h?
2, 5
What are the prime factors of ((-75)/(-4))/1*(-1176)/(-98)?
3, 5
Suppose -11*v + 25549 = -6538. List the prime factors of v.
2917
List the prime factors of 14/(-42) + -1042*33/(-18).
2, 5, 191
Let b(p) be the first derivative of p**4/4 - 7*p**3/3 - 5*p**2/2 - 9*p + 4. Let m(u) be the first derivative of b(u). What are the prime factors of m(6)?
19
Let a be ((-22)/10 + 1)*120/36. What are the prime factors of (1 + 211)/(a - -6)?
2, 53
Let x(a) = -a**3 + 7*a**2 - 5*a + 6. Let v be ((-6)/(-9))/((-2)/(-18)). Let m be x(v). What are the prime factors of (5 + -2)*m/4?
3
Let s be (4 - (-22)/(-4))/(3/(-6)). Suppose 6*f = -s*f + 2304. What are the prime factors of f?
2
Suppose -12*j = -11*j - 6. Let o(t) = 2 + j*t - 3*t - 3. What are the prime factors of o(10)?
29
Let c(w) = -w - 9. Let o be c(-6). Let t be 28/(-12) - 1/o. What are the prime factors of t/(-8) + (-696)/(-32)?
2, 11
Let t(s) = -s**2 + 4*s + 3. Let w be t(3). Let u(x) be the first derivative of 3*x**2 + 5*x + 5. List the prime factors of u(w).
41
Let z(h) = -89*h**2 - 5*h - 4. Let x be z(-1). Let d = 92 - x. What are the prime factors of d?
2, 3, 5
Let f = 8 + -10. Let t be (-7 - (-3)/1)/f. Suppose -2*w - w = -3*o - 39, -t*w - 3*o + 46 = 0. What are the prime factors of w?
17
Suppose 21*s - 18*s = 0. Suppose 4*j - 529 + 137 = s. List the prime factors of j.
2, 7
Let k = 103 - -1310. List the prime factors of k.
3, 157
Let s = 539 - 199. What are the prime factors of s?
2, 5, 17
Let t(p) = -26*p + 68. What are the prime factors of t(-31)?
2, 19, 23
Let v = 326 - 145. What are the prime factors of v?
181
Suppose 0 = 4*l - 183 - 53. Let x = l + -54. What are the prime factors of x?
5
Let f(s) = -115*s - 12. Let i be f(-4). Let p = i - 309. What are the prime factors of p?
139
Suppose 0 = z + 7*k - 3*k - 2465, 4*z = -k + 9890. What are the prime factors of z?
2473